{"id":113,"date":"2014-12-29T21:38:38","date_gmt":"2014-12-29T21:38:38","guid":{"rendered":"http:\/\/gunnarkrantz.se\/?page_id=113"},"modified":"2015-02-26T20:27:49","modified_gmt":"2015-02-26T20:27:49","slug":"fran-superangst-till-seriestaden","status":"publish","type":"page","link":"https:\/\/gunnarkrantz.se\/?page_id=113","title":{"rendered":"FR\u00c5N SUPERANGST TILL SERIESTADEN"},"content":{"rendered":"<p><a href=\"http:\/\/gunnarkrantz.se\/wp-content\/uploads\/2015\/01\/super_staden.jpg\"><img loading=\"lazy\" decoding=\"async\" class=\"alignnone size-full wp-image-243\" src=\"http:\/\/gunnarkrantz.se\/wp-content\/uploads\/2015\/01\/super_staden.jpg\" alt=\"super_staden\" width=\"200\" height=\"293\" \/><\/a><\/p>\n<p>P\u00e5 90-talet var upprorens tid f\u00f6rbi och vi som inrangerades i Generation X fick klart f\u00f6r oss att det inte skulle bli b\u00e4ttre \u00e4n s\u00e5 h\u00e4r. Ist\u00e4llet fick vi ekonomisk kris, devalvering, en konstmarknad som gick i st\u00e5 och en seriebransch p\u00e5 dekis. Efter 80-talets glada excesser \u00e5terstod bara kopiatorn som alternativ. Fanzinen tog plats p\u00e5 scenen igen och en ny generation serietecknare klev fram. Sj\u00e4lvbiografiska, politiska och sj\u00e4lvmedvetna. I Malm\u00f6 samlades en handfull och drog upp riktlinjerna mot framtiden.<\/p>\n<p>&#8220;Evenemanget p\u00e5 Inkonst d\u00f6ptes till &#8216;Seriestaden&#8217; och p\u00e5 flyern stod &#8216;Tre timmar med Malm\u00f6serier. Tr\u00e4ffa serietecknare. Bl\u00e4ddra i nya seriealbum och fansin. Kaffe och bullar.&#8217; Det kom \u00e5terigen mycket mer folk \u00e4n jag r\u00e4knat med. Huvudnumret var en ny serieantologi fr\u00e5n Optimal Press: Allt f\u00f6r konsten, d\u00e4r inte mindre \u00e4n 7 av 10 tecknare bodde i Malm\u00f6. Efter\u00e5t gick vi till M\u00f6llev\u00e5ngstorget och fortsatte seriekv\u00e4llen p\u00e5 ett \u00f6lhak. Dagen efter kunde man l\u00e4sa rubriker som &#8216;Malm\u00f6 \u2013 seriestaden framf\u00f6r andra&#8217; och &#8216;Seriernas nya huvudstad&#8217;.&#8221;<\/p>\n<p>Boken \u00e4r p\u00e5 424 sidor i sv\/v och inbunden med klotrygg och m\u00e4rkband. Bland serierna som finns med i boken m\u00e4rks &#8220;Superangst&#8221;, &#8220;1981&#8221;, &#8220;Svenska serier 1981&#8221;, &#8220;Svarte Petter&#8221; (utdrag), &#8220;Nollad&#8221;, &#8220;Kosmos&#8221;, &#8220;Kung alkohol&#8221; och ett urval serier fr\u00e5n &#8220;Nazibeatles och andra ber\u00e4ttelser&#8221;. Dessutom naturligtvis bakgrundstexter, samt massor av foton och illustrationer.<\/p>\n<p>En slipcase i f\u00e4rg som samlar Gunnar Krantz b\u00f6cker ST\u00d6RSTA M\u00d6JLIGA ALLVAR och FR\u00c5N SUPERANGST TILL SERIESTADEN. Mycket begr\u00e4nsad upplaga! K\u00f6p den h\u00e4r: Adlibris Bokus<\/p>\n<p><strong>Pressr\u00f6ster fr\u00e5n 2000-talet:<br \/>\n<\/strong>&#8220;F\u00f6rutom reprisering av serier inneh\u00e5ller b\u00f6ckerna foton och ber\u00e4ttelser fr\u00e5n Krantz liv och verksamhet inom seriernas och konstens v\u00e4rldar. Dessa avsnitt \u00e4r kanske samlingens allra st\u00f6rsta f\u00f6rtj\u00e4nst. Sj\u00e4lv blir alldeles nostalgi-t\u00e5r\u00f6gd av fotografierna fr\u00e5n ett gr\u00e5daskigt 90-tals-Malm\u00f6, och ber\u00e4ttelsen fr\u00e5n Epix f\u00f6rlags tidiga dagar blir inget mindre \u00e4n ett f\u00e4ngslande tidsdokument.&#8221; Henrik Zachrisson i Rocky Magasin 8\/2012<\/p>\n<p><img loading=\"lazy\" decoding=\"async\" class=\"alignnone size-full wp-image-241\" src=\"http:\/\/gunnarkrantz.se\/wp-content\/uploads\/2015\/01\/5.0.jpg\" alt=\"5.0\" width=\"167\" height=\"27\" \/><\/p>\n<p>&#8220;De tv\u00e5 tjocka volymerna som finns utgivna av Optimal Press v\u00e5gar visa p\u00e5 komplexitet, reflektioner och efterklokhet, det g\u00f6r det intressant och unikt. Vem kan man j\u00e4mf\u00f6ra Gunnar Krantz med? Vem har gjort en liknande g\u00e4rning och g\u00e5tt fr\u00e5n billiga fanzin till h\u00f6gskolekavaj?&#8221; Stefan Niklasson, B&amp;B p\u00e5 webben Januari 2013<\/p>\n<p><strong>Pressr\u00f6ster fr\u00e5n 90-talet:<\/strong><br \/>\n&#8220;Men Gunnar Krantz \u00e4r inte ute efter att upprepa gamla l\u00f6sningar. Liksom hans \u00f6vriga verk tycks &#8220;Superangst&#8221; v\u00e4xa fram ur den personliga brottningens inre n\u00f6dv\u00e4ndighet. Att det samtidigt \u00e4r ett av de fr\u00e4msta svenska seriealbumen hittills framst\u00e5r n\u00e4rmast som en bisak.&#8221; Stefan Helgesson, DN 24\/1 1994<\/p>\n<p>&#8220;Landets f\u00f6r tillf\u00e4llet intressantaste serieskapare finns i Malm\u00f6 och heter Gunnar Krantz&#8221; Olof Siverbo, GP 24\/2 1995<\/p>\n<p>&#8220;Konstn\u00e4ren och serieskaparen Gunnar Krantz \u00e4r f\u00f6rmodligen den svensk som g\u00e5tt allra l\u00e4ngst n\u00e4r det g\u00e4ller att dokumentera sig sj\u00e4lv&#8221; Martin Aag\u00e5rd, DN 11\/2 1997<\/p>\n<p>&#8220;&#8230;den n\u00e4rmaste j\u00e4mf\u00f6relsen jag kan finna \u00e4r med Stig Claessons effektiva linjef\u00f6ring \u2013 [bilderna] \u00e4r spretiga och enkla och f\u00f6rst\u00e4rker som s\u00e5dana autenciteten och angel\u00e4genheten i det biografiska \u00e4rendet&#8221; Jonas Thente, Paletten nr 2 1998<\/p>\n","protected":false},"excerpt":{"rendered":"<p>P\u00e5 90-talet var upprorens tid f\u00f6rbi och vi som inrangerades i Generation X fick klart f\u00f6r oss att det inte skulle bli b\u00e4ttre \u00e4n s\u00e5 h\u00e4r. Ist\u00e4llet fick vi ekonomisk kris, devalvering, en konstmarknad som gick i st\u00e5 och en seriebransch p\u00e5 dekis. Efter 80-talets glada excesser \u00e5terstod bara kopiatorn som alternativ. Fanzinen tog plats [&hellip;]<\/p>\n","protected":false},"author":1,"featured_media":0,"parent":13,"menu_order":14,"comment_status":"open","ping_status":"open","template":"","meta":{"footnotes":""},"class_list":["post-113","page","type-page","status-publish","hentry"],"_links":{"self":[{"href":"https:\/\/gunnarkrantz.se\/index.php?rest_route=\/wp\/v2\/pages\/113","targetHints":{"allow":["GET"]}}],"collection":[{"href":"https:\/\/gunnarkrantz.se\/index.php?rest_route=\/wp\/v2\/pages"}],"about":[{"href":"https:\/\/gunnarkrantz.se\/index.php?rest_route=\/wp\/v2\/types\/page"}],"author":[{"embeddable":true,"href":"https:\/\/gunnarkrantz.se\/index.php?rest_route=\/wp\/v2\/users\/1"}],"replies":[{"embeddable":true,"href":"https:\/\/gunnarkrantz.se\/index.php?rest_route=%2Fwp%2Fv2%2Fcomments&post=113"}],"version-history":[{"count":5,"href":"https:\/\/gunnarkrantz.se\/index.php?rest_route=\/wp\/v2\/pages\/113\/revisions"}],"predecessor-version":[{"id":583,"href":"https:\/\/gunnarkrantz.se\/index.php?rest_route=\/wp\/v2\/pages\/113\/revisions\/583"}],"up":[{"embeddable":true,"href":"https:\/\/gunnarkrantz.se\/index.php?rest_route=\/wp\/v2\/pages\/13"}],"wp:attachment":[{"href":"https:\/\/gunnarkrantz.se\/index.php?rest_route=%2Fwp%2Fv2%2Fmedia&parent=113"}],"curies":[{"name":"wp","href":"https:\/\/api.w.org\/{rel}","templated":true}]}}

FRÅN SUPERANGST TILL SERIESTADEN

<p><a href="http://gunnarkrantz.se/wp-content/uploads/2015/01/super_staden.jpg"><img loading="lazy" decoding="async" class="alignnone size-full wp-image-243" src="http://gunnarkrantz.se/wp-content/uploads/2015/01/super_staden.jpg" alt="super_staden" width="200" height="293" /></a></p>
<p>På 90-talet var upprorens tid förbi och vi som inrangerades i Generation X fick klart för oss att det inte skulle bli bättre än så här. Istället fick vi ekonomisk kris, devalvering, en konstmarknad som gick i stå och en seriebransch på dekis. Efter 80-talets glada excesser återstod bara kopiatorn som alternativ. Fanzinen tog plats på scenen igen och en ny generation serietecknare klev fram. Självbiografiska, politiska och självmedvetna. I Malmö samlades en handfull och drog upp riktlinjerna mot framtiden.</p>
<p>&#8220;Evenemanget på Inkonst döptes till &#8216;Seriestaden&#8217; och på flyern stod &#8216;Tre timmar med Malmöserier. Träffa serietecknare. Bläddra i nya seriealbum och fansin. Kaffe och bullar.&#8217; Det kom återigen mycket mer folk än jag räknat med. Huvudnumret var en ny serieantologi från Optimal Press: Allt för konsten, där inte mindre än 7 av 10 tecknare bodde i Malmö. Efteråt gick vi till Möllevångstorget och fortsatte seriekvällen på ett ölhak. Dagen efter kunde man läsa rubriker som &#8216;Malmö – seriestaden framför andra&#8217; och &#8216;Seriernas nya huvudstad&#8217;.&#8221;</p>
<p>Boken är på 424 sidor i sv/v och inbunden med klotrygg och märkband. Bland serierna som finns med i boken märks &#8220;Superangst&#8221;, &#8220;1981&#8221;, &#8220;Svenska serier 1981&#8221;, &#8220;Svarte Petter&#8221; (utdrag), &#8220;Nollad&#8221;, &#8220;Kosmos&#8221;, &#8220;Kung alkohol&#8221; och ett urval serier från &#8220;Nazibeatles och andra berättelser&#8221;. Dessutom naturligtvis bakgrundstexter, samt massor av foton och illustrationer.</p>
<p>En slipcase i färg som samlar Gunnar Krantz böcker STÖRSTA MÖJLIGA ALLVAR och FRÅN SUPERANGST TILL SERIESTADEN. Mycket begränsad upplaga! Köp den här: Adlibris Bokus</p>
<p><strong>Pressröster från 2000-talet:<br />
</strong>&#8220;Förutom reprisering av serier innehåller böckerna foton och berättelser från Krantz liv och verksamhet inom seriernas och konstens världar. Dessa avsnitt är kanske samlingens allra största förtjänst. Själv blir alldeles nostalgi-tårögd av fotografierna från ett grådaskigt 90-tals-Malmö, och berättelsen från Epix förlags tidiga dagar blir inget mindre än ett fängslande tidsdokument.&#8221; Henrik Zachrisson i Rocky Magasin 8/2012</p>
<p><img loading="lazy" decoding="async" class="alignnone size-full wp-image-241" src="http://gunnarkrantz.se/wp-content/uploads/2015/01/5.0.jpg" alt="5.0" width="167" height="27" /></p>
<p>&#8220;De två tjocka volymerna som finns utgivna av Optimal Press vågar visa på komplexitet, reflektioner och efterklokhet, det gör det intressant och unikt. Vem kan man jämföra Gunnar Krantz med? Vem har gjort en liknande gärning och gått från billiga fanzin till högskolekavaj?&#8221; Stefan Niklasson, B&amp;B på webben Januari 2013</p>
<p><strong>Pressröster från 90-talet:</strong><br />
&#8220;Men Gunnar Krantz är inte ute efter att upprepa gamla lösningar. Liksom hans övriga verk tycks &#8220;Superangst&#8221; växa fram ur den personliga brottningens inre nödvändighet. Att det samtidigt är ett av de främsta svenska seriealbumen hittills framstår närmast som en bisak.&#8221; Stefan Helgesson, DN 24/1 1994</p>
<p>&#8220;Landets för tillfället intressantaste serieskapare finns i Malmö och heter Gunnar Krantz&#8221; Olof Siverbo, GP 24/2 1995</p>
<p>&#8220;Konstnären och serieskaparen Gunnar Krantz är förmodligen den svensk som gått allra längst när det gäller att dokumentera sig själv&#8221; Martin Aagård, DN 11/2 1997</p>
<p>&#8220;&#8230;den närmaste jämförelsen jag kan finna är med Stig Claessons effektiva linjeföring – [bilderna] är spretiga och enkla och förstärker som sådana autenciteten och angelägenheten i det biografiska ärendet&#8221; Jonas Thente, Paletten nr 2 1998</p>

<p>På 90-talet var upprorens tid förbi och vi som inrangerades i Generation X fick klart för oss att det inte skulle bli bättre än så här. Istället fick vi ekonomisk kris, devalvering, en konstmarknad som gick i stå och en seriebransch på dekis. Efter 80-talets glada excesser återstod bara kopiatorn som alternativ. Fanzinen tog plats [&hellip;]</p>
