{"id":310,"date":"2015-01-09T11:52:20","date_gmt":"2015-01-09T11:52:20","guid":{"rendered":"http:\/\/gunnarkrantz.se\/?page_id=310"},"modified":"2026-01-13T15:09:30","modified_gmt":"2026-01-13T15:09:30","slug":"seriestaden","status":"publish","type":"page","link":"https:\/\/gunnarkrantz.se\/?page_id=310","title":{"rendered":"malm\u00f6 seriestaden"},"content":{"rendered":"<p><strong>SERIESTADEN P\u00c5 INKONST<\/strong><br \/>1998 fick jag i uppdrag att producera en konstutst\u00e4llning med serietema p\u00e5 Virserums Konsthall. Utst\u00e4llningen, som d\u00f6ptes till \u201dSeriernas v\u00e4rld\u201d hade vernissage i december -98, men lanserades i Malm\u00f6 redan i november. Eftersosm flertalet tecknare kom fr\u00e5n Malm\u00f6, ordnade jag\u00a0 ett pr-event p\u00e5 det nystartade kulturcaf\u00e9et Inkonst, en verksamhet som tydligt visade att n\u00e5got var p\u00e5 v\u00e4g att h\u00e4nda med Malm\u00f6. Under f\u00f6rsta halvan av 90-talet befann sig staden i ett tillst\u00e5nd som n\u00e4rmast kunde beskrivas som fritt fall, med nedl\u00e4ggningar och utflyttning. Men n\u00e5gonstans runt -98 b\u00f6rjade det v\u00e4nda. Alltfler ungdomar med konstn\u00e4rsdr\u00f6mmar b\u00f6rjade samlas i Malm\u00f6. Helst i kvarteren runt M\u00f6llev\u00e5ngstorget, d\u00e4r Inkonst l\u00e5g.<\/p>\n<p>N\u00e4r Lund utn\u00e4mndes till &#8220;Popstad&#8221;, kontrade genast en gruppering med att utn\u00e4mna Malm\u00f6 till \u201dproggstad\u201doch Sune Nordgren, chefen f\u00f6r Malm\u00f6 Konsthall, p\u00e5stod att Malm\u00f6 var nordens fr\u00e4msta konststad. Det var uppenbarligen fritt fram att utn\u00e4mna Malm\u00f6 till precis vad som helst. Det fanns inget att f\u00f6rlora. Evenemanget p\u00e5 Inkonst d\u00f6ptes d\u00e4rf\u00f6r till \u201dSeriestaden\u201d. P\u00e5 flyern stod: &#8220;Tre timmar med Malm\u00f6serier. Tr\u00e4ffa serietecknare. Bl\u00e4ddra i nya seriealbum och fanzin. Kaffe och bullar.&#8221;<\/p>\n<p>Det kom\u00a0 mycket mer folk \u00e4n jag r\u00e4knat med. Huvudnumret var en ny serieantologi fr\u00e5n Optimal Press: \u201dAllt f\u00f6r konsten\u201d, d\u00e4r inte mindre \u00e4n 7 av 10 tecknare bodde i Malm\u00f6. Dagen efter kunde man l\u00e4sa rubriker som: \u201dMalm\u00f6 \u2013 seriestaden framf\u00f6r andra\u201d och \u201dSeriernas nya huvudstad\u201d.<\/p>\n<p><strong>PROJEKT SERIESTADEN<\/strong><br \/>I april \u00e5ret d\u00e4rp\u00e5, f\u00f6rs\u00f6kte jag sammanfatta n\u00e5gra av de id\u00e9er som d\u00f6k i en projektbeskrivning. Det blev inte mycket mer \u00e4n ett dokument, men flera av tankeg\u00e5ngarna som finns beskrivna, f\u00f6rverkligades efterhand, t ex skapades till slut en &#8220;Seriestudio&#8221; i o m tillblivelsen av &#8220;Seriecenter&#8221;. <a href=\"http:\/\/gunnarkrantz.se\/wp-content\/uploads\/2015\/01\/Projekt_Seriestaden_990428.pdf\">Projekt_Seriestaden_990428<\/a><\/p>\n<p><strong>SERIESTADEN P\u00c5 HEDMANSKA G\u00c5RDEN<\/strong><br \/>Hedmanska g\u00e5rden vid Lilla Torg blev runt 2000 en m\u00f6tesplats f\u00f6r litteratur och ber\u00e4ttande i ABF:s regi. Till litteraturen h\u00f6rde sj\u00e4lvklart \u00e4ven tecknade serier och i november samma \u00e5r arrangerade jag en utst\u00e4llning om och av Malm\u00f6tecknare under rubriken &#8220;Seriestaden&#8221;. Medverkade gjorde bl a Tony Cronstam, Jenny Holmlund, Daniel Ahlgren, Mats K\u00e4llblad, Sara Thysell och Andi Almqvist. P\u00e5 utst\u00e4llningen visades ocks\u00e5 ett projekt jag gjort med den f\u00f6rsta \u00e5rskullen p\u00e5 Serieskolan i Malm\u00f6. Projekt Seriestaden. <a href=\"http:\/\/gunnarkrantz.se\/wp-content\/uploads\/2015\/01\/Projekt_Seriestaden_2000.pdf\">Projekt_Seriestaden_2000<\/a><\/p>\n<p><strong>SERIESTADEN P\u00c5 SERIEKONST.NET<\/strong><br \/>N\u00e4sta tillf\u00e4lle att etablera begreppet var p\u00e5 min egen webtidskrift ( innan ord som blogg b\u00f6rjade anv\u00e4ndas) Seriekonst.net, som jag skapade som projekt p\u00e5 utbildningen &#8220;Fri Konst och Nya medier&#8221; p\u00e5 Konsth\u00f6gskolan Valand. I nummer 6 (2001) listade jag allt som d\u00e5 kunde r\u00e4knas in i &#8220;Seriestaden&#8221;. Inl\u00e4gget finns att l\u00e4sa h\u00e4r: <a title=\"SERIEKONST\" href=\"http:\/\/www.seriekonst.se\/?p=920\">SERIEKONST<\/a><\/p>\n<p>Etter detta projekt sl\u00e4ppte jag kontrollen \u00f6ver begreppet, som numera lever sitt eget liv och idag anv\u00e4nds p\u00e5 ett sj\u00e4lvklart s\u00e4tt i relation till Malm\u00f6 &#8211; och inte bara av akt\u00f6rer p\u00e5 seriescenen.<\/p>\n\n\n<figure class=\"wp-block-image size-large\"><img loading=\"lazy\" decoding=\"async\" width=\"700\" height=\"688\" src=\"http:\/\/gunnarkrantz.se\/wp-content\/uploads\/2023\/05\/mosaik-700x688.jpg\" alt=\"\" class=\"wp-image-2992\" srcset=\"https:\/\/gunnarkrantz.se\/wp-content\/uploads\/2023\/05\/mosaik-700x688.jpg 700w, https:\/\/gunnarkrantz.se\/wp-content\/uploads\/2023\/05\/mosaik-300x295.jpg 300w, https:\/\/gunnarkrantz.se\/wp-content\/uploads\/2023\/05\/mosaik-768x755.jpg 768w, https:\/\/gunnarkrantz.se\/wp-content\/uploads\/2023\/05\/mosaik-1536x1509.jpg 1536w, https:\/\/gunnarkrantz.se\/wp-content\/uploads\/2023\/05\/mosaik-2048x2012.jpg 2048w, https:\/\/gunnarkrantz.se\/wp-content\/uploads\/2023\/05\/mosaik-1200x1179.jpg 1200w, https:\/\/gunnarkrantz.se\/wp-content\/uploads\/2023\/05\/mosaik-1980x1945.jpg 1980w\" sizes=\"auto, (max-width: 700px) 100vw, 700px\" \/><figcaption>Superangst. Mosaikplatta av Bj\u00f6rn Carnemalm efter min serie fr\u00e5n 1993. Plattan finns p\u00e5 Bergsgatan invid det hus d\u00e4r projektet Seriestaden tog sin b\u00f6rjan. Huset \u00e4gs idag av Massive Entertainment.<\/figcaption><\/figure>\n","protected":false},"excerpt":{"rendered":"<p>SERIESTADEN P\u00c5 INKONST1998 fick jag i uppdrag att producera en konstutst\u00e4llning med serietema p\u00e5 Virserums Konsthall. Utst\u00e4llningen, som d\u00f6ptes till \u201dSeriernas v\u00e4rld\u201d hade vernissage i december -98, men lanserades i Malm\u00f6 redan i november. Eftersosm flertalet tecknare kom fr\u00e5n Malm\u00f6, ordnade jag\u00a0 ett pr-event p\u00e5 det nystartade kulturcaf\u00e9et Inkonst, en verksamhet som tydligt visade att [&hellip;]<\/p>\n","protected":false},"author":1,"featured_media":0,"parent":17,"menu_order":0,"comment_status":"closed","ping_status":"open","template":"","meta":{"footnotes":""},"class_list":["post-310","page","type-page","status-publish","hentry"],"_links":{"self":[{"href":"https:\/\/gunnarkrantz.se\/index.php?rest_route=\/wp\/v2\/pages\/310","targetHints":{"allow":["GET"]}}],"collection":[{"href":"https:\/\/gunnarkrantz.se\/index.php?rest_route=\/wp\/v2\/pages"}],"about":[{"href":"https:\/\/gunnarkrantz.se\/index.php?rest_route=\/wp\/v2\/types\/page"}],"author":[{"embeddable":true,"href":"https:\/\/gunnarkrantz.se\/index.php?rest_route=\/wp\/v2\/users\/1"}],"replies":[{"embeddable":true,"href":"https:\/\/gunnarkrantz.se\/index.php?rest_route=%2Fwp%2Fv2%2Fcomments&post=310"}],"version-history":[{"count":17,"href":"https:\/\/gunnarkrantz.se\/index.php?rest_route=\/wp\/v2\/pages\/310\/revisions"}],"predecessor-version":[{"id":3057,"href":"https:\/\/gunnarkrantz.se\/index.php?rest_route=\/wp\/v2\/pages\/310\/revisions\/3057"}],"up":[{"embeddable":true,"href":"https:\/\/gunnarkrantz.se\/index.php?rest_route=\/wp\/v2\/pages\/17"}],"wp:attachment":[{"href":"https:\/\/gunnarkrantz.se\/index.php?rest_route=%2Fwp%2Fv2%2Fmedia&parent=310"}],"curies":[{"name":"wp","href":"https:\/\/api.w.org\/{rel}","templated":true}]}}

malmö seriestaden

<p><strong>SERIESTADEN PÅ INKONST</strong><br />1998 fick jag i uppdrag att producera en konstutställning med serietema på Virserums Konsthall. Utställningen, som döptes till ”Seriernas värld” hade vernissage i december -98, men lanserades i Malmö redan i november. Eftersosm flertalet tecknare kom från Malmö, ordnade jag  ett pr-event på det nystartade kulturcaféet Inkonst, en verksamhet som tydligt visade att något var på väg att hända med Malmö. Under första halvan av 90-talet befann sig staden i ett tillstånd som närmast kunde beskrivas som fritt fall, med nedläggningar och utflyttning. Men någonstans runt -98 började det vända. Alltfler ungdomar med konstnärsdrömmar började samlas i Malmö. Helst i kvarteren runt Möllevångstorget, där Inkonst låg.</p>
<p>När Lund utnämndes till &#8220;Popstad&#8221;, kontrade genast en gruppering med att utnämna Malmö till ”proggstad”och Sune Nordgren, chefen för Malmö Konsthall, påstod att Malmö var nordens främsta konststad. Det var uppenbarligen fritt fram att utnämna Malmö till precis vad som helst. Det fanns inget att förlora. Evenemanget på Inkonst döptes därför till ”Seriestaden”. På flyern stod: &#8220;Tre timmar med Malmöserier. Träffa serietecknare. Bläddra i nya seriealbum och fanzin. Kaffe och bullar.&#8221;</p>
<p>Det kom  mycket mer folk än jag räknat med. Huvudnumret var en ny serieantologi från Optimal Press: ”Allt för konsten”, där inte mindre än 7 av 10 tecknare bodde i Malmö. Dagen efter kunde man läsa rubriker som: ”Malmö – seriestaden framför andra” och ”Seriernas nya huvudstad”.</p>
<p><strong>PROJEKT SERIESTADEN</strong><br />I april året därpå, försökte jag sammanfatta några av de idéer som dök i en projektbeskrivning. Det blev inte mycket mer än ett dokument, men flera av tankegångarna som finns beskrivna, förverkligades efterhand, t ex skapades till slut en &#8220;Seriestudio&#8221; i o m tillblivelsen av &#8220;Seriecenter&#8221;. <a href="http://gunnarkrantz.se/wp-content/uploads/2015/01/Projekt_Seriestaden_990428.pdf">Projekt_Seriestaden_990428</a></p>
<p><strong>SERIESTADEN PÅ HEDMANSKA GÅRDEN</strong><br />Hedmanska gården vid Lilla Torg blev runt 2000 en mötesplats för litteratur och berättande i ABF:s regi. Till litteraturen hörde självklart även tecknade serier och i november samma år arrangerade jag en utställning om och av Malmötecknare under rubriken &#8220;Seriestaden&#8221;. Medverkade gjorde bl a Tony Cronstam, Jenny Holmlund, Daniel Ahlgren, Mats Källblad, Sara Thysell och Andi Almqvist. På utställningen visades också ett projekt jag gjort med den första årskullen på Serieskolan i Malmö. Projekt Seriestaden. <a href="http://gunnarkrantz.se/wp-content/uploads/2015/01/Projekt_Seriestaden_2000.pdf">Projekt_Seriestaden_2000</a></p>
<p><strong>SERIESTADEN PÅ SERIEKONST.NET</strong><br />Nästa tillfälle att etablera begreppet var på min egen webtidskrift ( innan ord som blogg började användas) Seriekonst.net, som jag skapade som projekt på utbildningen &#8220;Fri Konst och Nya medier&#8221; på Konsthögskolan Valand. I nummer 6 (2001) listade jag allt som då kunde räknas in i &#8220;Seriestaden&#8221;. Inlägget finns att läsa här: <a title="SERIEKONST" href="http://www.seriekonst.se/?p=920">SERIEKONST</a></p>
<p>Etter detta projekt släppte jag kontrollen över begreppet, som numera lever sitt eget liv och idag används på ett självklart sätt i relation till Malmö &#8211; och inte bara av aktörer på seriescenen.</p>


<figure class="wp-block-image size-large"><img loading="lazy" decoding="async" width="700" height="688" src="http://gunnarkrantz.se/wp-content/uploads/2023/05/mosaik-700x688.jpg" alt="" class="wp-image-2992" srcset="https://gunnarkrantz.se/wp-content/uploads/2023/05/mosaik-700x688.jpg 700w, https://gunnarkrantz.se/wp-content/uploads/2023/05/mosaik-300x295.jpg 300w, https://gunnarkrantz.se/wp-content/uploads/2023/05/mosaik-768x755.jpg 768w, https://gunnarkrantz.se/wp-content/uploads/2023/05/mosaik-1536x1509.jpg 1536w, https://gunnarkrantz.se/wp-content/uploads/2023/05/mosaik-2048x2012.jpg 2048w, https://gunnarkrantz.se/wp-content/uploads/2023/05/mosaik-1200x1179.jpg 1200w, https://gunnarkrantz.se/wp-content/uploads/2023/05/mosaik-1980x1945.jpg 1980w" sizes="auto, (max-width: 700px) 100vw, 700px" /><figcaption>Superangst. Mosaikplatta av Björn Carnemalm efter min serie från 1993. Plattan finns på Bergsgatan invid det hus där projektet Seriestaden tog sin början. Huset ägs idag av Massive Entertainment.</figcaption></figure>

<p>SERIESTADEN PÅ INKONST1998 fick jag i uppdrag att producera en konstutställning med serietema på Virserums Konsthall. Utställningen, som döptes till ”Seriernas värld” hade vernissage i december -98, men lanserades i Malmö redan i november. Eftersosm flertalet tecknare kom från Malmö, ordnade jag  ett pr-event på det nystartade kulturcaféet Inkonst, en verksamhet som tydligt visade att [&hellip;]</p>
