{"id":386,"date":"2015-01-12T19:34:30","date_gmt":"2015-01-12T19:34:30","guid":{"rendered":"http:\/\/gunnarkrantz.se\/?page_id=386"},"modified":"2023-06-01T22:23:04","modified_gmt":"2023-06-01T22:23:04","slug":"seriemagi-2006","status":"publish","type":"page","link":"https:\/\/gunnarkrantz.se\/?page_id=386","title":{"rendered":"utst\u00e4llning seriemagi 2006"},"content":{"rendered":"<p>Seriemagi visades p\u00e5 Ystads Konstmuseum, V\u00e4xj\u00f6 Konsthall och Landskrona Museum.<br \/>\n<a href=\"http:\/\/gunnarkrantz.se\/wp-content\/uploads\/2015\/01\/khm011.jpg\"><img loading=\"lazy\" decoding=\"async\" class=\"alignnone wp-image-370 size-large\" src=\"http:\/\/gunnarkrantz.se\/wp-content\/uploads\/2015\/01\/khm011-721x1024.jpg\" alt=\"khm011\" width=\"721\" height=\"1024\" srcset=\"https:\/\/gunnarkrantz.se\/wp-content\/uploads\/2015\/01\/khm011-721x1024.jpg 721w, https:\/\/gunnarkrantz.se\/wp-content\/uploads\/2015\/01\/khm011-211x300.jpg 211w\" sizes=\"auto, (max-width: 721px) 100vw, 721px\" \/><\/a><a href=\"http:\/\/gunnarkrantz.se\/wp-content\/uploads\/2015\/01\/khm005.jpg\"><img loading=\"lazy\" decoding=\"async\" class=\"alignnone wp-image-369 size-large\" src=\"http:\/\/gunnarkrantz.se\/wp-content\/uploads\/2015\/01\/khm005-721x1024.jpg\" alt=\"khm005\" width=\"721\" height=\"1024\" srcset=\"https:\/\/gunnarkrantz.se\/wp-content\/uploads\/2015\/01\/khm005-721x1024.jpg 721w, https:\/\/gunnarkrantz.se\/wp-content\/uploads\/2015\/01\/khm005-211x300.jpg 211w\" sizes=\"auto, (max-width: 721px) 100vw, 721px\" \/><\/a><a href=\"http:\/\/gunnarkrantz.se\/wp-content\/uploads\/2015\/01\/khm009.jpg\"><img loading=\"lazy\" decoding=\"async\" class=\"alignnone wp-image-375 size-large\" src=\"http:\/\/gunnarkrantz.se\/wp-content\/uploads\/2015\/01\/khm009-721x1024.jpg\" alt=\"khm009\" width=\"721\" height=\"1024\" srcset=\"https:\/\/gunnarkrantz.se\/wp-content\/uploads\/2015\/01\/khm009-721x1024.jpg 721w, https:\/\/gunnarkrantz.se\/wp-content\/uploads\/2015\/01\/khm009-211x300.jpg 211w\" sizes=\"auto, (max-width: 721px) 100vw, 721px\" \/><\/a><\/p>\n<p><a href=\"http:\/\/gunnarkrantz.se\/wp-content\/uploads\/2015\/01\/khm010.jpg\"><img loading=\"lazy\" decoding=\"async\" class=\"alignnone wp-image-376 size-large\" src=\"http:\/\/gunnarkrantz.se\/wp-content\/uploads\/2015\/01\/khm010-721x1024.jpg\" alt=\"khm010\" width=\"721\" height=\"1024\" srcset=\"https:\/\/gunnarkrantz.se\/wp-content\/uploads\/2015\/01\/khm010-721x1024.jpg 721w, https:\/\/gunnarkrantz.se\/wp-content\/uploads\/2015\/01\/khm010-211x300.jpg 211w\" sizes=\"auto, (max-width: 721px) 100vw, 721px\" \/><\/a><\/p>\n","protected":false},"excerpt":{"rendered":"<p>Seriemagi visades p\u00e5 Ystads Konstmuseum, V\u00e4xj\u00f6 Konsthall och Landskrona Museum.<\/p>\n","protected":false},"author":1,"featured_media":0,"parent":0,"menu_order":0,"comment_status":"closed","ping_status":"open","template":"","meta":{"footnotes":""},"class_list":["post-386","page","type-page","status-publish","hentry"],"_links":{"self":[{"href":"https:\/\/gunnarkrantz.se\/index.php?rest_route=\/wp\/v2\/pages\/386","targetHints":{"allow":["GET"]}}],"collection":[{"href":"https:\/\/gunnarkrantz.se\/index.php?rest_route=\/wp\/v2\/pages"}],"about":[{"href":"https:\/\/gunnarkrantz.se\/index.php?rest_route=\/wp\/v2\/types\/page"}],"author":[{"embeddable":true,"href":"https:\/\/gunnarkrantz.se\/index.php?rest_route=\/wp\/v2\/users\/1"}],"replies":[{"embeddable":true,"href":"https:\/\/gunnarkrantz.se\/index.php?rest_route=%2Fwp%2Fv2%2Fcomments&post=386"}],"version-history":[{"count":6,"href":"https:\/\/gunnarkrantz.se\/index.php?rest_route=\/wp\/v2\/pages\/386\/revisions"}],"predecessor-version":[{"id":3058,"href":"https:\/\/gunnarkrantz.se\/index.php?rest_route=\/wp\/v2\/pages\/386\/revisions\/3058"}],"wp:attachment":[{"href":"https:\/\/gunnarkrantz.se\/index.php?rest_route=%2Fwp%2Fv2%2Fmedia&parent=386"}],"curies":[{"name":"wp","href":"https:\/\/api.w.org\/{rel}","templated":true}]}}