{"id":618,"date":"2015-03-10T19:23:54","date_gmt":"2015-03-10T19:23:54","guid":{"rendered":"http:\/\/gunnarkrantz.se\/?page_id=618"},"modified":"2023-05-24T09:13:53","modified_gmt":"2023-05-24T09:13:53","slug":"100-samtida-serier","status":"publish","type":"page","link":"https:\/\/gunnarkrantz.se\/?page_id=618","title":{"rendered":"100% samtida serier"},"content":{"rendered":"<p>1994 gav jag ut ett fanzine med titel &#8220;Gunnars fanzine nummer 2 sommaren 1994&#8221;.&nbsp; Det bestod av tv\u00e5 delar. En \u00e5tta sidor l\u00e5ng serie om en resa till Portugal, som senare \u00e5tertrycktes i f\u00f6rsta utg\u00e5van av antologiserien Allt f\u00f6r konsten (1997) p\u00e5 Optimal press och en transkription av en monolog jag genomf\u00f6rt ang\u00e5ende tillst\u00e5ndet i de svenska serierna. B\u00e5de fanzinet och antologin v\u00e4ckte&nbsp; uppm\u00e4rksamhet och b\u00e5da kom ocks\u00e5 att f\u00e5 stor betydelse f\u00f6r den fortsatta h\u00e4ndelseutvecklingen i de svenska serierna och f\u00f6r min egen utveckling. (Mer om detta finns att l\u00e4sa i min bok <a title=\"FR\u00c5N SUPERANGST TILL SERIESTADEN\" href=\"http:\/\/gunnarkrantz.se\/?page_id=113\">Fr\u00e5n Superangst till Seriestaden<\/a>).<\/p>\n<p>Konceptet bakom fanzinet var att g\u00f6ra allt i 100%. Att teckna i samma format som serien skulle tryckas och att ordagrant \u00e5terge varenda ord, som sades p\u00e5 bandinspelningen. En annan po\u00e4ng bakom fanzinet var att s\u00e4ga nej. Att inte anpassa sig efter andra, utan genomf\u00f6ra sin egen ide, fr\u00e5n b\u00f6rjan till slut, utan andra kompromisser \u00e4n de rent ekonomiska. N\u00e4r jag gjorde fanzinet, hade jag inga andra resurser \u00e4n kopiatorn p\u00e5 Konstskolan Forum (som jag d\u00e5 gick p\u00e5) och f\u00f6r 16 A4 sidor r\u00e4ckte det med en klammer i \u00f6vre v\u00e4nstra h\u00f6rnet.<\/p>\n<p>Konceptet f\u00f6ljdes sedan av fler fanzine. Jag blev inbjuden att g\u00f6ra ett konstverk till utst\u00e4llningen &#8220;UpDate&#8221; i K\u00f6penhamn tv\u00e5 \u00e5r senare och valde att medverka med ett fanzine som samlade de d\u00e5 mest intressanta (och \u00e4nnu i stor utstr\u00e4ckning opublicerade) Svenska serietecknarna: Daniel Ahlgren, Rasmus Gran och Patrik Stigzelius, Mats Jonsson, David Liljemark och Sara Olausson. Den h\u00e4r tidningen blev lite tjockare och kr\u00e4vde tv\u00e5 h\u00e4ftklamrar.<\/p>\n<p>N\u00e4r jag startade upp kursen Serieteckning och visuellt ber\u00e4ttande p\u00e5 Malm\u00f6 H\u00f6gskola, valde jag att ge &#8220;100% serier&#8221; som&nbsp; f\u00f6rsta examinerande uppgift till mina studenter. De skulle teckna \u00e5tta sidor p\u00e5 valfritt tema, samt f\u00f6rfatta en reflektion \u00f6ver tillst\u00e5ndet f\u00f6r de svenska serierna (efter att ha l\u00e4st en massa f\u00f6rst\u00e5s).<\/p>\n<p>100% serier fungerar som en kickstart p\u00e5 min kurs och f\u00e5r mina studenter att b\u00f6rja teckna serier, l\u00e4sa serier och l\u00e4sa om serier. P\u00e5 K3 l\u00e4r vi genom att g\u00f6ra och denna erfarenhet g\u00f6r den r\u00e4tt sn\u00e5riga teori vi senare tar in i kursen (t ex Groensteen) mer begriplig.<\/p>\n<p>2011 fick jag i uppdrag att sammanfatta mina erfarenheter av att arbeta med tecknade serier p\u00e5 Malm\u00f6 H\u00f6gskola f\u00f6r tidskriften Praktik och Teori. Vi var d\u00e5 mitt uppe i den f\u00f6rsta omg\u00e5ngen av seriekursen, men det nya angrepps\u00e4ttet hade redan gett mycket tillbaks, tillr\u00e4ckligt f\u00f6r att teckna en serie:<\/p>\n<p><a href=\"http:\/\/gunnarkrantz.se\/wp-content\/uploads\/2015\/03\/PT_SERIE_GUNNAR_KRANTZ.pdf\">PT_SERIE_GUNNAR_KRANTZ<\/a><\/p>\n<p>&nbsp;<\/p>\n<p><small>Den tjusiga fonten \u00e4r skapad f\u00f6r antologin Allt F\u00f6r Konsten 4 Johan C. Brandstedt, efter Henrik Rehrs textning. Den \u00e4r freeware och g\u00e5r att hitta <a title=\"H\u00c4R\" href=\"http:\/\/johancb.se\/en\/index.php?sida=typsnitt\" target=\"_blank\" rel=\"noopener noreferrer\">H\u00c4R!<\/a><\/small><\/p>\n<p>&nbsp;<\/p>\n<p>&nbsp;<\/p>\n","protected":false},"excerpt":{"rendered":"<p>1994 gav jag ut ett fanzine med titel &#8220;Gunnars fanzine nummer 2 sommaren 1994&#8221;.&nbsp; Det bestod av tv\u00e5 delar. En \u00e5tta sidor l\u00e5ng serie om en resa till Portugal, som senare \u00e5tertrycktes i f\u00f6rsta utg\u00e5van av antologiserien Allt f\u00f6r konsten (1997) p\u00e5 Optimal press och en transkription av en monolog jag genomf\u00f6rt ang\u00e5ende tillst\u00e5ndet i [&hellip;]<\/p>\n","protected":false},"author":1,"featured_media":0,"parent":0,"menu_order":0,"comment_status":"closed","ping_status":"open","template":"","meta":{"footnotes":""},"class_list":["post-618","page","type-page","status-publish","hentry"],"_links":{"self":[{"href":"https:\/\/gunnarkrantz.se\/index.php?rest_route=\/wp\/v2\/pages\/618","targetHints":{"allow":["GET"]}}],"collection":[{"href":"https:\/\/gunnarkrantz.se\/index.php?rest_route=\/wp\/v2\/pages"}],"about":[{"href":"https:\/\/gunnarkrantz.se\/index.php?rest_route=\/wp\/v2\/types\/page"}],"author":[{"embeddable":true,"href":"https:\/\/gunnarkrantz.se\/index.php?rest_route=\/wp\/v2\/users\/1"}],"replies":[{"embeddable":true,"href":"https:\/\/gunnarkrantz.se\/index.php?rest_route=%2Fwp%2Fv2%2Fcomments&post=618"}],"version-history":[{"count":10,"href":"https:\/\/gunnarkrantz.se\/index.php?rest_route=\/wp\/v2\/pages\/618\/revisions"}],"predecessor-version":[{"id":2979,"href":"https:\/\/gunnarkrantz.se\/index.php?rest_route=\/wp\/v2\/pages\/618\/revisions\/2979"}],"wp:attachment":[{"href":"https:\/\/gunnarkrantz.se\/index.php?rest_route=%2Fwp%2Fv2%2Fmedia&parent=618"}],"curies":[{"name":"wp","href":"https:\/\/api.w.org\/{rel}","templated":true}]}}